2*z - 514 = 0. Let f = z + 365. Let t = -22 - -34. What is the greatest common divisor of f and t?
12
Suppose 3*n + 5*w = 371, 0*w - w = n - 127. Calculate the greatest common factor of n and 33.
33
Suppose 2*y = 6*y + 140. Let k be (-7)/y + (-1438)/(-10). Let u(a) = 16*a**3 - a + 1. Let s be u(1). Calculate the greatest common divisor of k and s.
16
Let j = 2542 + -2518. Let u be (0 - -3) + -1 - -1. Calculate the greatest common factor of j and u.
3
Let y be ((-21)/7)/((-18)/336). Calculate the highest common factor of 266 and y.
14
Let i(w) = -w**3 - 7*w**2 - 13*w + 9. Let o be i(-6). Let v = 20 + 14. Suppose -m - m = -v. Calculate the highest common factor of m and o.
17
Let k be 69/15 - (-6)/(-10). Let n be 6 + (-4)/(k/3). Suppose -3*w = 12, -393 = -n*j - 2*j - 3*w. What is the greatest common factor of j and 9?
9
Suppose -d = 9 - 37. Let b = 112 + d. Calculate the highest common factor of b and 20.
20
Suppose -156*j = -132*j - 19152. Calculate the highest common divisor of j and 28.
14
Let d be 60*(-5)/(75/(-12)). Suppose 0 = -3*k + 7*k - d. Let n = 87 + 21. Calculate the greatest common factor of k and n.
12
Let q be (14/(-6))/((-5)/15). Let o = 17 - q. Calculate the highest common factor of o and 90.
10
Let v(h) = h**3 - 5*h**2 - 2*h + 10. Let b be v(5). Let s be ((-14)/(-8))/((-2)/(-8)). Let x be s*(1 - (b - 2)). What is the highest common divisor of x and 21?
21
Suppose k = 417 + 279. Suppose 3384 = 3*m - k. Suppose 0 = -0*w - 5*w + m. What is the greatest common divisor of w and 34?
34
Let b be ((-10)/(-7))/(4/1092). What is the greatest common divisor of 520 and b?
130
Suppose -2*m - 1 = -5*m + b, 2*b = 10. Suppose 3*v + 175 = -0*k + m*k, k - 90 = 2*v. Suppose -5*g + 0*g = -k. Calculate the greatest common factor of 40 and g.
8
Let x = -47 + 50. Let q = 19 + x. What is the highest common divisor of q and 110?
22
Let g(k) = -5*k - 1. Let m be g(-4). Suppose 4*p - 67 = 85. Calculate the highest common divisor of p and m.
19
Suppose 2514 = 4*k - 2*h, 459 + 1425 = 3*k - 3*h. What is the highest common divisor of k and 74?
37
Suppose 0 = -8*x + 1 + 31. What is the highest common divisor of x and 604?
4
Suppose 8*q + 560 = 15*q. Calculate the greatest common factor of q and 100.
20
Suppose -35*z + 770 = -25*z. What is the greatest common divisor of 121 and z?
11
Suppose -1 = j - 7. Suppose -2*o - 2 + j = 0. Suppose 0 = 2*w + 3*y - 17, -1 - 3 = w - y. Calculate the highest common divisor of w and o.
1
Let x = -29 - -45. Let p(o) = o + 171. Let t be p(-27). What is the highest common divisor of x and t?
16
Suppose -60*j = -79*j + 266. Calculate the highest common factor of j and 329.
7
Let p be (16/(-3))/((-1)/33). Calculate the greatest common divisor of 11 and p.
11
Suppose 0 = 5*s - 3*i - 115, 9*s + 2*i - 90 = 4*s. What is the greatest common divisor of s and 230?
10
Let b(k) = 1 - 10*k - 10*k**2 + 0*k**3 - 2*k**3 + k**3. Let a be b(-9). Let s be 15/(28/(-24) + 8/6). Calculate the greatest common factor of s and a.
10
Suppose 2*l + h = 4*h + 131, -5*h - 25 = 0. Suppose -o + 26 = b - l, -2*o = 4*b - 164. Suppose -o = -2*p - 6. Calculate the greatest common divisor of p and 8.
8
Let w = -251 + 603. Let y(n) = n**3 - 6*n**2 + 5*n + 2. Let d be y(6). What is the highest common factor of d and w?
32
Suppose 0 = -2*k - n + 65 - 13, -3*n + 48 = 2*k. Suppose 3*d + 240 = 3*v, -2*v - 5*d + 49 = -118. What is the highest common divisor of k and v?
27
Let h(t) = -t + 4. Let x be h(-3). Suppose 5*z = 2*z. Suppose -2*o + 39 - 11 = z. What is the highest common factor of x and o?
7
Let i(t) = 8*t**2 + t**3 - 32*t + 12*t - 7 + 4*t**2. Let n = -49 + 36. Let w be i(n). What is the greatest common divisor of w and 12?
12
Let d(q) = -3*q - 1 + 9*q + 0*q. Let v be d(1). Let p(n) = -n**3 - 39*n**2 - 38*n + 15. Let u be p(-38). What is the greatest common divisor of v and u?
5
Suppose -4*s - 576 = -8*s. What is the highest common factor of 54 and s?
18
Suppose -3*r + 596 = -169. Suppose -r = -2*y - y. Calculate the greatest common factor of y and 34.
17
Suppose -10 = -9*h + 8. Let x be 48/3 + (7 - 3)/h. What is the highest common factor of x and 72?
18
Let m be 2 + ((-21)/(-12))/(1/16). What is the highest common factor of m and 195?
15
Let w be 8 - 7/(-14)*50. Calculate the greatest common factor of w and 24.
3
Let t(i) = -41*i + 5. Let w(o) = -40*o + 4. Let b(j) = -5*t(j) + 6*w(j). Let m be b(-1). Suppose -m + 4 = -n. Calculate the highest common divisor of 75 and n.
15
Let x be -792*(3/(-2)*-2 - 4). What is the highest common divisor of 33 and x?
33
Let m be (-10)/(2 - 31/16). Let f be m*-2*(-1)/(-5). Let q(s) = -s**2 + 10*s. Let i be q(8). Calculate the highest common divisor of i and f.
16
Let b be (-10)/(-4) + 2/(-4) + 0. Let t be 1172/9 - b/9. Calculate the greatest common divisor of t and 13.
13
Let s(x) = 31*x - 9. Let c be s(1). What is the highest common factor of c and 77?
11
Suppose 0 = 3*s - 8*s + y + 207, 4*s + 5*y - 183 = 0. Let o be (-13)/(-3) + (-4)/12. Suppose o*q - 133 = 287. What is the highest common factor of q and s?
21
Suppose 0 = 3*o + o. Suppose -3*q - 72 = 3*c, 18 = -q - 4*c - o*c. Let j be -1 - (-3 - (0 - q)). Calculate the highest common divisor of 28 and j.
28
Suppose -5*d - 66 = -8*d. Suppose 0 = 23*z - d*z - 64. Calculate the greatest common factor of z and 8.
8
Let z be (-2)/(-3) - ((-2632)/3)/7. Calculate the greatest common factor of 63 and z.
63
Let p = -352 + 389. Calculate the highest common divisor of 7 and p.
1
Let u = -776 + 932. What is the highest common factor of u and 221?
13
Let w = -106 - -119. Let v = -74 + 139. What is the highest common divisor of v and w?
13
Let d(q) = -3*q**3 + q**2 + 3*q - 5. Let h be (-38)/14 - 26/91. Let g be d(h). What is the greatest common factor of g and 38?
38
Let g = 386 - 359. Calculate the highest common factor of g and 675.
27
Suppose 129*i - 828 = 123*i. Calculate the highest common divisor of i and 92.
46
Let b(c) = c**2 - 9*c - 1. Let n be b(10). What is the highest common divisor of 6 and n?
3
Let y(k) = 15*k + 19. Let g(v) = -22*v - 28. Let w(r) = -5*g(r) - 7*y(r). Let q be w(0). What is the greatest common divisor of q and 35?
7
Let z(d) = -23*d - 4. Let t be z(-1). Suppose -6*o + t - 7 = 0. What is the greatest common divisor of o and 3?
1
Suppose 4*q - 2*w = 24, 0*q - 2*q = -4*w. Calculate the greatest common divisor of q and 472.
8
Let j(c) = 38*c**2 - 3*c - 3. Let y be j(-1). Calculate the greatest common divisor of 2 and y.
2
Suppose 0 = 2*n - 6*n + 136. Let p be (-528)/36*-6*(-2)/8. Let v = n + p. Calculate the highest common factor of 6 and v.
6
Let i = -979 + 1070. Calculate the greatest common divisor of i and 234.
13
Let h = 428 - 358. What is the greatest common divisor of h and 28?
14
Suppose 11 = l - 41. Calculate the greatest common divisor of 182 and l.
26
Suppose -8*t + 50 = -46. Calculate the highest common factor of 192 and t.
12
Suppose 4*c = -3*h + 2*h + 34, -5*h + 5*c + 120 = 0. Suppose h*t - 29*t = -21. Suppose -5*w + t*w = 6. Calculate the greatest common factor of w and 12.
3
Let z(k) = 23*k - 1. Let t be z(1). Let f(c) = -4*c**2 + 83*c - 49. Let a be f(20). What is the greatest common divisor of t and a?
11
Let a(i) = -16*i + 56. Let d be a(1). Calculate the highest common factor of d and 1460.
20
Let t(h) = 2308*h**2 - 5*h - 3. Let m be t(-1). Calculate the highest common divisor of 42 and m.
42
Suppose 3*y + 5*y - 16 = 0. Suppose y*u + 3*u - 5*n - 15 = 0, 0 = 5*n. What is the highest common divisor of u and 9?
3
Let n(j) = -1 + 0 + 7 + 10 - j. Let t be n(11). What is the greatest common factor of t and 25?
5
Let g(p) = -15*p + 4 - 8 - 2*p - 10*p. Let s = 0 - 2. Let m be g(s). What is the highest common divisor of m and 20?
10
Let g = 103 - 98. Suppose 0 = -11*k + g*k + 156. What is the greatest common factor of 286 and k?
26
Let z be (7 + -8)*6 + 68 - 7. Suppose -3*v + 14 = -1. Calculate the greatest common divisor of z and v.
5
Let t = 344 - 38. Calculate the greatest common factor of 18 and t.
18
Suppose -9*f + 4*f + 400 = 4*t, 0 = 2*f - t - 173. Suppose -37 = -2*u - 3*s, 0*s = -4*u - 4*s + f. What is the highest common factor of u and 39?
13
Suppose 85*s - 85064 = 57*s. Calculate the greatest common divisor of s and 62.
62
Let i be 12/(-48